{"id":59,"date":"2020-11-20T09:21:43","date_gmt":"2020-11-20T09:21:43","guid":{"rendered":"https:\/\/zellheilung.ch\/?page_id=59"},"modified":"2020-12-30T19:12:37","modified_gmt":"2020-12-30T19:12:37","slug":"info","status":"publish","type":"page","link":"https:\/\/zellheilung.ch\/?page_id=59","title":{"rendered":"Info"},"content":{"rendered":"<p>Dein K\u00f6rper ist umgeben von verschiedenen feinstofflichen Schichten. Wenn eine davon Risse hat, k\u00f6nnen sich auf der K\u00f6rperebene Schmerzen zeigen. Diese manifestieren sich manchmal auch auf Zellebene in Form einer Krankheit.<\/p>\n<p>Ich arbeite im Einklang mit den 7 kosmischen Gesetzm\u00e4ssigkeiten:<\/p>\n<ol>\n<li><strong>Das Prinzip des Geistes<\/strong><br \/>\nAlles ist geistiger Natur. Jegliche Handlung ist ein Resultat des eigenen Geistes.<\/li>\n<li><strong>Das Prinzip der Entsprechung<\/strong><br \/>\nWie oben, so unten.<br \/>\nWie innen, so aussen.<br \/>\nWie im Grossen, so im Kleinen<\/li>\n<li><strong>Das Prinzip von Rhythmus und Schwingungen<\/strong><br \/>\nAlles schwingt, ist in Bewegung.<br \/>\nDie kleinen und grossen Zyklen sind ein fester Bestandteil unserer Existenz.<\/li>\n<li><strong>Das Prinzip der Polarit\u00e4t<\/strong><br \/>\nAlles hat 2 Seiten,<br \/>\nbesitzt weibliche und m\u00e4nnliche Aspekte.<\/li>\n<li><strong>Das Prinzip der Resonanz<\/strong><br \/>\nGleiches zieht gleiches an.<br \/>\nDer Mensch zieht das in sein Leben, womit er gedanklich vermehrt in Resonanz geht.<\/li>\n<li><strong>Das Prinzip von Ursache und Wirkung<\/strong><br \/>\nAlles hat einen Grund.<br \/>\nJeder Mensch ist Sch\u00f6pfer seiner eigenen Realit\u00e4t und f\u00fcr sein eigenes Gl\u00fcck verantwortlich.<\/li>\n<li><strong>Das Prinzip der Harmonie<\/strong><br \/>\nAlles strebt nach Ausgleich.<br \/>\nJeder Mensch beabsichtigt Freude und Liebe in seinem Leben zu manifestieren. Diese hochfrequenten Ziele sind der Antrieb, lassen die Seele aufbl\u00fchen und motovieren auf dem Weg der Freiheit und Wahrheit weiterzugehen.<\/li>\n<\/ol>\n<p>Alle meine Angebote erg\u00e4nzen und unterst\u00fctzen medizinische Therapien; k\u00f6nnen geistig und seelisch auf Operationen vorbereiten; helfen traumatische Erlebnisse wie Grenz\u00fcberschreitungen, Scheidung oder Todesf\u00e4lle zu verarbeiten; unterst\u00fctzen den Ausgleich des Energiehaushaltes, begleiten die pers\u00f6nliche Weiterentwicklung und heissen die Kinder und Jugendlichen der Neuen Zeit willkommen, sich im Alltag wohlzuf\u00fchlen.<\/p>\n<p>Keines meiner Angebote ersetzt die Schulmedizin.<\/p>\n","protected":false},"excerpt":{"rendered":"<p>Dein K\u00f6rper ist umgeben von verschiedenen feinstofflichen Schichten. Wenn eine davon Risse hat, k\u00f6nnen sich auf der K\u00f6rperebene Schmerzen zeigen. Diese manifestieren sich manchmal auch &hellip;<\/p>\n","protected":false},"author":1,"featured_media":0,"parent":0,"menu_order":0,"comment_status":"closed","ping_status":"closed","template":"","meta":[],"yoast_head":"<!-- This site is optimized with the Yoast SEO plugin v20.10 - https:\/\/yoast.com\/wordpress\/plugins\/seo\/ -->\n<title>Info - Room19<\/title>\n<meta name=\"description\" content=\"zellheilung\" \/>\n<meta name=\"robots\" content=\"index, follow, max-snippet:-1, max-image-preview:large, max-video-preview:-1\" \/>\n<link rel=\"canonical\" href=\"https:\/\/zellheilung.ch\/?page_id=59\" \/>\n<meta property=\"og:locale\" content=\"de_DE\" \/>\n<meta property=\"og:type\" content=\"article\" \/>\n<meta property=\"og:title\" content=\"Info - Room19\" \/>\n<meta property=\"og:description\" content=\"zellheilung\" \/>\n<meta property=\"og:url\" content=\"https:\/\/zellheilung.ch\/?page_id=59\" \/>\n<meta property=\"og:site_name\" content=\"Room19\" \/>\n<meta property=\"article:modified_time\" content=\"2020-12-30T19:12:37+00:00\" \/>\n<meta name=\"twitter:card\" content=\"summary_large_image\" \/>\n<meta name=\"twitter:label1\" content=\"Gesch\u00e4tzte Lesezeit\" \/>\n\t<meta name=\"twitter:data1\" content=\"1 Minute\" \/>\n<script type=\"application\/ld+json\" class=\"yoast-schema-graph\">{\"@context\":\"https:\/\/schema.org\",\"@graph\":[{\"@type\":\"WebPage\",\"@id\":\"https:\/\/zellheilung.ch\/?page_id=59\",\"url\":\"https:\/\/zellheilung.ch\/?page_id=59\",\"name\":\"Info - Room19\",\"isPartOf\":{\"@id\":\"https:\/\/zellheilung.ch\/#website\"},\"datePublished\":\"2020-11-20T09:21:43+00:00\",\"dateModified\":\"2020-12-30T19:12:37+00:00\",\"description\":\"zellheilung\",\"breadcrumb\":{\"@id\":\"https:\/\/zellheilung.ch\/?page_id=59#breadcrumb\"},\"inLanguage\":\"de-CH\",\"potentialAction\":[{\"@type\":\"ReadAction\",\"target\":[\"https:\/\/zellheilung.ch\/?page_id=59\"]}]},{\"@type\":\"BreadcrumbList\",\"@id\":\"https:\/\/zellheilung.ch\/?page_id=59#breadcrumb\",\"itemListElement\":[{\"@type\":\"ListItem\",\"position\":1,\"name\":\"Home\",\"item\":\"https:\/\/zellheilung.ch\/\"},{\"@type\":\"ListItem\",\"position\":2,\"name\":\"Info\"}]},{\"@type\":\"WebSite\",\"@id\":\"https:\/\/zellheilung.ch\/#website\",\"url\":\"https:\/\/zellheilung.ch\/\",\"name\":\"Room19\",\"description\":\"Praxis f\u00fcr Zellheilung\",\"potentialAction\":[{\"@type\":\"SearchAction\",\"target\":{\"@type\":\"EntryPoint\",\"urlTemplate\":\"https:\/\/zellheilung.ch\/?s={search_term_string}\"},\"query-input\":\"required name=search_term_string\"}],\"inLanguage\":\"de-CH\"}]}<\/script>\n<!-- \/ Yoast SEO plugin. -->","yoast_head_json":{"title":"Info - Room19","description":"zellheilung","robots":{"index":"index","follow":"follow","max-snippet":"max-snippet:-1","max-image-preview":"max-image-preview:large","max-video-preview":"max-video-preview:-1"},"canonical":"https:\/\/zellheilung.ch\/?page_id=59","og_locale":"de_DE","og_type":"article","og_title":"Info - Room19","og_description":"zellheilung","og_url":"https:\/\/zellheilung.ch\/?page_id=59","og_site_name":"Room19","article_modified_time":"2020-12-30T19:12:37+00:00","twitter_card":"summary_large_image","twitter_misc":{"Gesch\u00e4tzte Lesezeit":"1 Minute"},"schema":{"@context":"https:\/\/schema.org","@graph":[{"@type":"WebPage","@id":"https:\/\/zellheilung.ch\/?page_id=59","url":"https:\/\/zellheilung.ch\/?page_id=59","name":"Info - Room19","isPartOf":{"@id":"https:\/\/zellheilung.ch\/#website"},"datePublished":"2020-11-20T09:21:43+00:00","dateModified":"2020-12-30T19:12:37+00:00","description":"zellheilung","breadcrumb":{"@id":"https:\/\/zellheilung.ch\/?page_id=59#breadcrumb"},"inLanguage":"de-CH","potentialAction":[{"@type":"ReadAction","target":["https:\/\/zellheilung.ch\/?page_id=59"]}]},{"@type":"BreadcrumbList","@id":"https:\/\/zellheilung.ch\/?page_id=59#breadcrumb","itemListElement":[{"@type":"ListItem","position":1,"name":"Home","item":"https:\/\/zellheilung.ch\/"},{"@type":"ListItem","position":2,"name":"Info"}]},{"@type":"WebSite","@id":"https:\/\/zellheilung.ch\/#website","url":"https:\/\/zellheilung.ch\/","name":"Room19","description":"Praxis f\u00fcr Zellheilung","potentialAction":[{"@type":"SearchAction","target":{"@type":"EntryPoint","urlTemplate":"https:\/\/zellheilung.ch\/?s={search_term_string}"},"query-input":"required name=search_term_string"}],"inLanguage":"de-CH"}]}},"_links":{"self":[{"href":"https:\/\/zellheilung.ch\/index.php?rest_route=\/wp\/v2\/pages\/59"}],"collection":[{"href":"https:\/\/zellheilung.ch\/index.php?rest_route=\/wp\/v2\/pages"}],"about":[{"href":"https:\/\/zellheilung.ch\/index.php?rest_route=\/wp\/v2\/types\/page"}],"author":[{"embeddable":true,"href":"https:\/\/zellheilung.ch\/index.php?rest_route=\/wp\/v2\/users\/1"}],"replies":[{"embeddable":true,"href":"https:\/\/zellheilung.ch\/index.php?rest_route=%2Fwp%2Fv2%2Fcomments&post=59"}],"version-history":[{"count":6,"href":"https:\/\/zellheilung.ch\/index.php?rest_route=\/wp\/v2\/pages\/59\/revisions"}],"predecessor-version":[{"id":197,"href":"https:\/\/zellheilung.ch\/index.php?rest_route=\/wp\/v2\/pages\/59\/revisions\/197"}],"wp:attachment":[{"href":"https:\/\/zellheilung.ch\/index.php?rest_route=%2Fwp%2Fv2%2Fmedia&parent=59"}],"curies":[{"name":"wp","href":"https:\/\/api.w.org\/{rel}","templated":true}]}}