{"id":2,"date":"2020-11-13T07:57:22","date_gmt":"2020-11-13T07:57:22","guid":{"rendered":"https:\/\/zellheilung.ch\/?page_id=2"},"modified":"2020-12-30T19:07:41","modified_gmt":"2020-12-30T19:07:41","slug":"sample-page","status":"publish","type":"page","link":"https:\/\/zellheilung.ch\/?page_id=2","title":{"rendered":"Angebot"},"content":{"rendered":"\r\n<h4>Geistiges Heilen<\/h4>\r\n<p>Die Behandlung besteht aus 3 Teilen:<\/p>\r\n<ul>\r\n<li>Kl\u00e4rung des Anliegens in einem Gespr\u00e4ch.<\/li>\r\n<li>Sitzend oder liegend entspannt man sich \u00fcber den Atem. Es entsteht Raum Altes loszulassen und Neues zu integrieren. Licht und Farbimpulse aus verschiedenen Frequenzen wirken in den geistigen Feldern, im Mentalk\u00f6rper, im Emotionalk\u00f6rper, in der Seele und im biologischen Feld.<br \/>Der Energiefluss wird durch Worte oder in der Stille gelenkt.<\/li>\r\n<li>Abschluss in Form einer R\u00fcckmeldung \u00fcber die Befindlichkeit oder einer Impulskarte.<\/li>\r\n<\/ul>\r\n<p><em>60 min.\/160 Fr.<\/em><\/p>\r\n<h4>Behandlung mit Kristall-Licht<\/h4>\r\n<p>Das Kristall-Licht ist die Uressenz des Lichtes.<br \/>Seine Wirkweise ist effektiv:<br \/>es kl\u00e4rt, richtet neu aus, stabilisiert und n\u00e4hrt.<\/p>\r\n<p>Es hilft:<\/p>\r\n<ul>\r\n<li>Kopfschmerzen zu heilen<\/li>\r\n<li>Gedanken zu ordnen<\/li>\r\n<li>belastende Emotionen aufzul\u00f6sen<\/li>\r\n<li>alte Verhaltensmuster loszulassen<\/li>\r\n<li>infoenergetische Programme zu l\u00f6schen<\/li>\r\n<li>die Vitalit\u00e4t zu st\u00e4rken<\/li>\r\n<li>den Willen zu stabilisieren<\/li>\r\n<li>die Freude und Leichtigkeit des Lebens neu zu sp\u00fcren<\/li>\r\n<\/ul>\r\n<p>Diese Aspekte sind eine Auswahl von m\u00f6glichen Wirkfeldern, in denen das Kristall-Licht eingesetzt werden kann.<\/p>\r\n<p>Die Behandlung wird auf Wunsch sitzend oder liegend, mit oder ohne Vorgespr\u00e4ch durchgef\u00fchrt.<\/p>\r\n<p><em>30 min.\/80 Fr.<\/em><\/p>\r\n<h4>Ich bin gut so &#8211; wie ich bin<\/h4>\r\n<p>Dieses Angebot ist speziell f\u00fcr Kinder und Jugendliche der Neuen Zeit:<\/p>\r\n<ul>\r\n<li>St\u00e4rkung des Selbstwertes<\/li>\r\n<li>Visualisierung der belastenden Situation und L\u00f6sungsfindung<\/li>\r\n<li>Aktivierung der eigenen Ressourcen<\/li>\r\n<li>Erlernen von mentalen Techniken<\/li>\r\n<\/ul>\r\n<p>Der Ablauf dieser Sitzung wird von den individuellen Bed\u00fcrfnissen der Kinder \/ der Jugendlichen bestimmt. Es k\u00f6nnen auch handelnde Elemente oder eine meditative Gedankenreise einfliessen.<\/p>\r\n<p><em>45 min.\/120 Fr.<\/em><\/p>\r\n","protected":false},"excerpt":{"rendered":"<p>Geistiges Heilen Die Behandlung besteht aus 3 Teilen: Kl\u00e4rung des Anliegens in einem Gespr\u00e4ch. Sitzend oder liegend entspannt man sich \u00fcber den Atem. Es entsteht &hellip;<\/p>\n","protected":false},"author":1,"featured_media":0,"parent":0,"menu_order":0,"comment_status":"closed","ping_status":"closed","template":"","meta":[],"yoast_head":"<!-- This site is optimized with the Yoast SEO plugin v20.10 - https:\/\/yoast.com\/wordpress\/plugins\/seo\/ -->\n<title>Angebot - Room19<\/title>\n<meta name=\"robots\" content=\"index, follow, max-snippet:-1, max-image-preview:large, max-video-preview:-1\" \/>\n<link rel=\"canonical\" href=\"https:\/\/zellheilung.ch\/?page_id=2\" \/>\n<meta property=\"og:locale\" content=\"de_DE\" \/>\n<meta property=\"og:type\" content=\"article\" \/>\n<meta property=\"og:title\" content=\"Angebot - Room19\" \/>\n<meta property=\"og:description\" content=\"Geistiges Heilen Die Behandlung besteht aus 3 Teilen: Kl\u00e4rung des Anliegens in einem Gespr\u00e4ch. Sitzend oder liegend entspannt man sich \u00fcber den Atem. Es entsteht &hellip;\" \/>\n<meta property=\"og:url\" content=\"https:\/\/zellheilung.ch\/?page_id=2\" \/>\n<meta property=\"og:site_name\" content=\"Room19\" \/>\n<meta property=\"article:modified_time\" content=\"2020-12-30T19:07:41+00:00\" \/>\n<meta name=\"twitter:card\" content=\"summary_large_image\" \/>\n<meta name=\"twitter:label1\" content=\"Gesch\u00e4tzte Lesezeit\" \/>\n\t<meta name=\"twitter:data1\" content=\"1 Minute\" \/>\n<script type=\"application\/ld+json\" class=\"yoast-schema-graph\">{\"@context\":\"https:\/\/schema.org\",\"@graph\":[{\"@type\":\"WebPage\",\"@id\":\"https:\/\/zellheilung.ch\/?page_id=2\",\"url\":\"https:\/\/zellheilung.ch\/?page_id=2\",\"name\":\"Angebot - Room19\",\"isPartOf\":{\"@id\":\"https:\/\/zellheilung.ch\/#website\"},\"datePublished\":\"2020-11-13T07:57:22+00:00\",\"dateModified\":\"2020-12-30T19:07:41+00:00\",\"breadcrumb\":{\"@id\":\"https:\/\/zellheilung.ch\/?page_id=2#breadcrumb\"},\"inLanguage\":\"de-CH\",\"potentialAction\":[{\"@type\":\"ReadAction\",\"target\":[\"https:\/\/zellheilung.ch\/?page_id=2\"]}]},{\"@type\":\"BreadcrumbList\",\"@id\":\"https:\/\/zellheilung.ch\/?page_id=2#breadcrumb\",\"itemListElement\":[{\"@type\":\"ListItem\",\"position\":1,\"name\":\"Home\",\"item\":\"https:\/\/zellheilung.ch\/\"},{\"@type\":\"ListItem\",\"position\":2,\"name\":\"Angebot\"}]},{\"@type\":\"WebSite\",\"@id\":\"https:\/\/zellheilung.ch\/#website\",\"url\":\"https:\/\/zellheilung.ch\/\",\"name\":\"Room19\",\"description\":\"Praxis f\u00fcr Zellheilung\",\"potentialAction\":[{\"@type\":\"SearchAction\",\"target\":{\"@type\":\"EntryPoint\",\"urlTemplate\":\"https:\/\/zellheilung.ch\/?s={search_term_string}\"},\"query-input\":\"required name=search_term_string\"}],\"inLanguage\":\"de-CH\"}]}<\/script>\n<!-- \/ Yoast SEO plugin. -->","yoast_head_json":{"title":"Angebot - Room19","robots":{"index":"index","follow":"follow","max-snippet":"max-snippet:-1","max-image-preview":"max-image-preview:large","max-video-preview":"max-video-preview:-1"},"canonical":"https:\/\/zellheilung.ch\/?page_id=2","og_locale":"de_DE","og_type":"article","og_title":"Angebot - Room19","og_description":"Geistiges Heilen Die Behandlung besteht aus 3 Teilen: Kl\u00e4rung des Anliegens in einem Gespr\u00e4ch. Sitzend oder liegend entspannt man sich \u00fcber den Atem. Es entsteht &hellip;","og_url":"https:\/\/zellheilung.ch\/?page_id=2","og_site_name":"Room19","article_modified_time":"2020-12-30T19:07:41+00:00","twitter_card":"summary_large_image","twitter_misc":{"Gesch\u00e4tzte Lesezeit":"1 Minute"},"schema":{"@context":"https:\/\/schema.org","@graph":[{"@type":"WebPage","@id":"https:\/\/zellheilung.ch\/?page_id=2","url":"https:\/\/zellheilung.ch\/?page_id=2","name":"Angebot - Room19","isPartOf":{"@id":"https:\/\/zellheilung.ch\/#website"},"datePublished":"2020-11-13T07:57:22+00:00","dateModified":"2020-12-30T19:07:41+00:00","breadcrumb":{"@id":"https:\/\/zellheilung.ch\/?page_id=2#breadcrumb"},"inLanguage":"de-CH","potentialAction":[{"@type":"ReadAction","target":["https:\/\/zellheilung.ch\/?page_id=2"]}]},{"@type":"BreadcrumbList","@id":"https:\/\/zellheilung.ch\/?page_id=2#breadcrumb","itemListElement":[{"@type":"ListItem","position":1,"name":"Home","item":"https:\/\/zellheilung.ch\/"},{"@type":"ListItem","position":2,"name":"Angebot"}]},{"@type":"WebSite","@id":"https:\/\/zellheilung.ch\/#website","url":"https:\/\/zellheilung.ch\/","name":"Room19","description":"Praxis f\u00fcr Zellheilung","potentialAction":[{"@type":"SearchAction","target":{"@type":"EntryPoint","urlTemplate":"https:\/\/zellheilung.ch\/?s={search_term_string}"},"query-input":"required name=search_term_string"}],"inLanguage":"de-CH"}]}},"_links":{"self":[{"href":"https:\/\/zellheilung.ch\/index.php?rest_route=\/wp\/v2\/pages\/2"}],"collection":[{"href":"https:\/\/zellheilung.ch\/index.php?rest_route=\/wp\/v2\/pages"}],"about":[{"href":"https:\/\/zellheilung.ch\/index.php?rest_route=\/wp\/v2\/types\/page"}],"author":[{"embeddable":true,"href":"https:\/\/zellheilung.ch\/index.php?rest_route=\/wp\/v2\/users\/1"}],"replies":[{"embeddable":true,"href":"https:\/\/zellheilung.ch\/index.php?rest_route=%2Fwp%2Fv2%2Fcomments&post=2"}],"version-history":[{"count":6,"href":"https:\/\/zellheilung.ch\/index.php?rest_route=\/wp\/v2\/pages\/2\/revisions"}],"predecessor-version":[{"id":196,"href":"https:\/\/zellheilung.ch\/index.php?rest_route=\/wp\/v2\/pages\/2\/revisions\/196"}],"wp:attachment":[{"href":"https:\/\/zellheilung.ch\/index.php?rest_route=%2Fwp%2Fv2%2Fmedia&parent=2"}],"curies":[{"name":"wp","href":"https:\/\/api.w.org\/{rel}","templated":true}]}}